n base 2, what is 1000101001101 - -10?
1000101001111
In base 7, what is 12 + 1053?
1065
In base 2, what is 1001 - -1111?
11000
In base 8, what is -33 - 1673?
-1726
In base 5, what is 321 - -4?
330
In base 14, what is 0 - -2a?
2a
In base 14, what is -29 + 6?
-23
In base 5, what is 1422 + -4?
1413
In base 16, what is -b6 + 6?
-b0
In base 5, what is 1324321 - -3?
1324324
In base 10, what is 17 + 33?
50
In base 16, what is -5 - -3da?
3d5
In base 3, what is -10202000 - -10?
-10201220
In base 3, what is -11000 - 10?
-11010
In base 14, what is 1336 - 2?
1334
In base 6, what is 2 + 2125?
2131
In base 6, what is 2 - 12?
-10
In base 16, what is 1 - -195?
196
In base 2, what is 1000101101001 - 100?
1000101100101
In base 13, what is -315 + 3?
-312
In base 8, what is -442 - -15?
-425
In base 9, what is 21 - 5?
15
In base 10, what is 3 - -25?
28
In base 4, what is -21210 - -11?
-21133
In base 14, what is -15 + 171?
15a
In base 9, what is 4 - -10?
14
In base 16, what is 33e + 0?
33e
In base 16, what is 22 + -24?
-2
In base 9, what is 320 - -1?
321
In base 6, what is 24 - 1321?
-1253
In base 16, what is 1 + -1d?
-1c
In base 11, what is -1a17 - -4?
-1a13
In base 13, what is -334 - -1?
-333
In base 14, what is -3 - b7?
-ba
In base 8, what is 371 + -1?
370
In base 12, what is 5 + 168b?
1694
In base 10, what is -4 - -9?
5
In base 8, what is 173 - 7?
164
In base 9, what is 3603 - -3?
3606
In base 4, what is -20220 + -30?
-20310
In base 14, what is -bd + -4?
-c3
In base 15, what is 49 + 4?
4d
In base 2, what is 100 - 11111011?
-11110111
In base 11, what is 5 - -345?
34a
In base 2, what is -10 + -1101100?
-1101110
In base 6, what is 114250 + 3?
114253
In base 3, what is -11 + -2011200?
-2011211
In base 8, what is 17 + -172?
-153
In base 3, what is -10 + -1011120?
-1011200
In base 7, what is 1 + -1342?
-1341
In base 10, what is -60 + -49?
-109
In base 15, what is -106 - 5?
-10b
In base 16, what is e2 - 41?
a1
In base 2, what is 10 - 10?
0
In base 16, what is -14 - 98?
-ac
In base 8, what is -3 - 71?
-74
In base 6, what is -1323231 - 3?
-1323234
In base 4, what is -2 - -3101?
3033
In base 5, what is 110 + 120?
230
In base 16, what is 19b + -5?
196
In base 8, what is 462 - -2?
464
In base 8, what is 26 + -4?
22
In base 12, what is 3 - 28?
-25
In base 10, what is 19306 + 5?
19311
In base 7, what is -1 - -116?
115
In base 8, what is 3032 - -4?
3036
In base 3, what is -10021 + -10000?
-20021
In base 7, what is 5 + -32?
-24
In base 12, what is -220 - -1?
-21b
In base 15, what is 113 + 29?
13c
In base 2, what is 11 + 10110110110?
10110111001
In base 5, what is 3 - 41?
-33
In base 16, what is 101 - -3?
104
In base 15, what is 27 - -7?
2e
In base 16, what is 2 - -10?
12
In base 13, what is -1395 - -4?
-1391
In base 15, what is -11b - 86?
-1a2
In base 13, what is 8 + -12?
-7
In base 9, what is 0 - 5684?
-5684
In base 12, what is -24 + 18b?
167
In base 2, what is 0 - 1100?
-1100
In base 15, what is 1 + 3a?
3b
In base 3, what is -1120 - 11?
-1201
In base 10, what is 303 + -40?
263
In base 15, what is -6 + -117?
-11d
In base 3, what is -2220 - 22?
-10012
In base 9, what is 2 - 2?
0
In base 9, what is -1 - 3167?
-3168
In base 14, what is -1 + 28?
27
In base 12, what is 3 + -5407?
-5404
In base 10, what is 407 - -2?
409
In base 4, what is 332 - 0?
332
In base 14, what is 10c - 5?
107
In base 9, what is -3 + 1352?
1348
In base 14, what is -2 + -2a?
-2c
In base 16, what is 0 + -48c?
-48c
In base 2, what is -1 - 100?
-101
In base 13, what is -1a6 - 4?
-1aa
In base 2, what is 1000110100 + 100?
1000111000
In base 16, what is 19c + -3?
199
In base 16, what is -fb + a?
-f1
In base 6, what is 1 - -3051?
3052
In base 3, what is 2002100 - 1?
2002022
In base 7, what is -1 - -56?
55
In base 9, what is -405 - -2?
-403
In base 12, what is b0 + 1b?
10b
In base 3, what is 1 - 1022?
-1021
In base 6, what is -1 + 102?
101
In base 6, what is -52 + -4?
-100
In base 11, what is -58 - -466?
409
In base 11, what is 24 + 3?
27
In base 2, what is 100101011101011 - 11?
100101011101000
In base 9, what is -15 + 227?
212
In base 10, what is 0 + 4?
4
In base 12, what is 157 + 9?
164
In base 9, what is -76 + -1?
-77
In base 7, what is 3 + 14461?
14464
In base 2, what is 11000 - 1000?
10000
In base 14, what is -93 - -1?
-92
In base 13, what is 36 + 7?
40
In base 3, what is -22 - 2000?
-2022
In base 9, what is 122 + -31?
81
In base 6, what is 5 - 34512?
-34503
In base 2, what is -10011 - -1101110?
1011011
In base 12, what is 2 + -1671?
-166b
In base 3, what is -1011 - 12?
-1100
In base 11, what is 4 + 44?
48
In base 3, what is 1212011 + -1?
1212010
In base 3, what is -100 + 20202?
20102
In base 5, what is -41441 + 1?
-41440
In base 8, what is 106 + 12?
120
In base 14, what is -355 + 2?
-353
In base 7, what is -335 - -2?
-333
In base 5, what is 4123 - -11?
4134
In base 4, what is 331 - -100?
1031
In base 6, what is -21 + 11?
-10
In base 16, what is -a89 - -1?
-a88
In base 4, what is -20023 - 11?
-20100
In base 10, what is -23 - 1?
-24
In base 11, what is 3 + 145?
148
In base 10, what is 39 + 5?
44
In base 10, what is -10 + -4?
-14
In base 4, what is -11 + -123220?
-123231
In base 14, what is 85 - -5?
8a
In base 9, what is 16 + -55?
-38
In base 15, what is 1b + 36?
52
In base 2, what is 11 - 111001010101?
-111001010010
In base 3, what is 0 - 12011101?
-12011101
In base 8, what is 4 - 1172?
-1166
In base 7, what is 103 + -265?
-162
In base 7, what is -6 + -3?
-12
In base 9, what is 101 - -3?
104
In base 13, what is -2a2 - 3?
-2a5
In base 5, what is 43323 + 4?
43332
In base 7, what is 41 - 535?
-464
In base 10, what is -57 + 13?
-44
In base 3, what is 2 + 1022022?
1022101
In base 13, what is 150 + 3b?
18b
In base 5, what is -24 - -4430?
4401
In base 6, what is 105 - 5?
100
In base 2, what is 10101111110 + 101?
10110000011
In base 12, what is 216 - 2?
214
In base 12, what is -b230 - -4?
-b228
In base 10, what is -32 - -38?
6
In base 15, what is 1 + -39?
-38
In base 3, what is 1010 + -12?
221
In base 4, what is 0 + -1320?
-1320
In base 8, what is 1 - 46?
-45
In base 4, what is 201133 + 10?
201203
In base 13, what is -1 + 37?
36
In base 13, what is 1 - -112?
113
In base 6, what is -14 + 20?
2
In base 10, what is 4259 - 5?
4254
In base 13, what is 252 + 17?
269
In base 6, what is 1 - 114?
-113
In base 8, what is 43 + 24?
67
In base 14, what is 4 - -a3?
a7
In base 9, what is 1 + 30?
31
In base 4, what is -223210 + -10?
-223220
In base 7, what is -23 + 62?
36
In base 5, what is -231 + -4?
-240
In base 10, what is 1 - 40?
-39
In base 14, what is 0 + cc?
cc
In base 5, what is 4 - 243?
-234
In base 2, what is -11110011 - 101?
-11111000
In base 16, what is 20 + -1?
1f
In base 13, what is -16 - -b?
-8
In base 9, what is -5 - -61?
55
In base 9, what is 53 - -23?
76
In base 15, what is 8cc - 5?
8c7
In base 15, what is -1 + -56?
-57
In base 13, what is 82b + -4?
827
In base 4, what is -121 - 101?
-222
In base 10, what is -94 + 5?
-89
In base 13, what is 3 + 39?
3c
In base 13, what is a - -12?
1c
In base 12, what is 996 + -10?
986
In base 6, what is 0 - -505?
505
In base 2, what is 110 + -10100110?
-10100000
In base 4, what is -321 + -211?
-1132
In base 7, what is 5 - 34?
-26
In base 7, what is 423 - 4?
416
In base 8, what is 40442 + 2?
40444
In base 16, what is -5eb2 - 0?
-5eb2
In base 16, what is 1e1 + -f?
1d2
In base 9, what is 3 - -55?
58
In base 15, what is 1e + 5?
24
In base 5, what is -10 + 142?
132
In base 5, what is 4 - 1040?
-1031
In base 16, what is -2 - -6a?
68
In base 4, what is 3 - -11222?
11231
In base 9, what is -17 - 13?
-31
In base 3, what is -1 - 220?
-221
In base 14, what is -5c - -5?
-57
In base 16, what is -1 - 4?
-5
In base 16, what is bdc - -1?
bdd
In base 7, what is 31 + -510?
-446
In base 6, what is 5 - 4214?
-4205
In base 8, what is 3 + -2542?
-2537
In base 15, what is -1ea + -4?
-1ee
In base 12, what is 88 + 3?
8b
In base 14, what is -19c + 4?
-198
In base 3, what is -10 + -2012?
-2022
In base 16, what is 48 + 2?
4a
In base 13, what is 70 + 6?
76
In base 8, what is -5 - 273?
-300
In base 4, what is 11 + 10120?
10131
In base 15, what is -248 - 1?
-249
In base 9, what is 2 + 233?
235
In base 6, what is -1 - -112?
111
In base 13, what is ca - -4?
101
In base 8, what is 0 - -1300?
1300
In base 12, what i